is the remainder when j is divided by 2?
1
Suppose -2*d + 22 = 12. Suppose 4*n + 5*v = 157, -3*v + 36 = n - d*v. Calculate the remainder when n is divided by 10.
8
Let s = 5438 + -5263. What is the remainder when s is divided by 9?
4
Suppose 5*m + 3*j = -1219, -4*m + 5*j - 255 = -3*m. Let r = m + 339. What is the remainder when r is divided by 37?
20
Let y(g) = g + 44. Let u = -416 - -410. Calculate the remainder when 338 is divided by y(u).
34
Suppose 4*v = 5*q - 34, q - 781*v = -783*v + 4. Calculate the remainder when 338 is divided by q.
2
Let n = 15384 + -15065. What is the remainder when 1284 is divided by n?
8
Suppose 4*u = 3*k + 3, 3*k = 2*k - 1. Suppose -17*m + 25*m - 128 = u. What is the remainder when 119 is divided by m?
7
Let q be 1695/12 + 1/(-4). Let i = -106 + q. What is the remainder when i is divided by 12?
11
Suppose -5*r - 3*r + 5920 = 0. Suppose -49*i + 29*i + r = 0. What is the remainder when 100 is divided by i?
26
Let q(p) = 16*p - 7. Let a be q(3). Let z = 40 + -32. What is the remainder when 1/2 + a/2 is divided by z?
5
Let j = 192 - 98. Calculate the remainder when j is divided by (-80)/(-44) + -2 + (-699)/(-33).
10
Let c(q) = 2*q**2 - 25*q - 25. Calculate the remainder when c(15) is divided by (-4)/12 + 61/3.
10
Suppose 3*a = -g + 41, 3*g - 7 - 25 = -2*a. What is the remainder when 110 is divided by a?
6
Let q = 57 - -28. Suppose 5*r - 666 = -4*y - q, -2*y + 295 = r. Let v = y - 98. Calculate the remainder when 202 is divided by v.
49
Let y be (1590/108 + 6/(-27))*10. Suppose 416 = -y*j + 153*j. Calculate the remainder when 103 is divided by j.
51
Let r = -1877 + 2691. Calculate the remainder when r is divided by 19.
16
Let a = 2118 + -2032. Calculate the remainder when 217 is divided by a.
45
Let b(p) = 9*p**2 + p - 4. Suppose 0*f = -2*f - 4. Let v be b(f). Let w = -3 + v. What is the remainder when 159 is divided by w?
24
Let p(o) = 4*o - 8. Let k be 3*(-2 + (-1)/(-3)). Let w be (-7*k/5)/1. What is the remainder when 56 is divided by p(w)?
16
Suppose -g + 3*g - 8 = 0, 256 = 2*d + g. Let v = 137 - d. Let m = -13 + 20. What is the remainder when v is divided by m?
4
Let q = -9806 - -9839. What is the remainder when 281 is divided by q?
17
What is the remainder when 30/(-75) - ((-6185)/25 + 3) is divided by 181?
63
Suppose 17*h + 103*h - 1680 = 0. What is the remainder when 889 is divided by h?
7
What is the remainder when 415 is divided by (20/270*9)/(10/465)?
12
Let a(d) = 2*d**3 + 12*d**2 + 6*d - 2. What is the remainder when (1943/(-335))/(1/(-5)) is divided by a(-5)?
11
Let v(w) = w**2 - 9*w + 11. Suppose 0*t - 48 = -8*t. Let i be v(t). Calculate the remainder when 31 is divided by (i/((-35)/(-18)))/((-6)/15).
4
Suppose 0 = -d + 42 + 158. Suppose 539*x - 9552 = 47043. Calculate the remainder when d is divided by x.
95
Let i be 401/(-4) - (-129)/(-172). Let y = 157 + i. Calculate the remainder when 76 is divided by y.
20
Suppose -5*n = -3*n - 22. Let i be (-1 + 2)/(6/(-30)) + -4. What is the remainder when 2/6 - ((-920)/30 + i) is divided by n?
7
Suppose -5*k + 694 = -7*j + 3*j, -4 = -j. Suppose -39*f = -41*f + k. Suppose -2*h = -6*h + w + 72, 5*w = 0. What is the remainder when f is divided by h?
17
Suppose -3*x = -3*m + 294, -3*m - 4*x + 0*x = -308. Calculate the remainder when 260 is divided by m.
60
Suppose 88*p = 75*p + 1859. Calculate the remainder when 499 is divided by p.
70
Let f = -6798 + 6942. Calculate the remainder when 1301 is divided by f.
5
Let k(l) = -59*l + 82. Calculate the remainder when k(-17) is divided by 16.
13
Suppose -2*r - 15 = -117. Suppose 0 = -55*v + r*v + 20. Suppose 0 = 5*q - 4*h - 120 + 6, 0 = -v*q - 4*h + 106. What is the remainder when 60 is divided by q?
16
Suppose -34*c = -30*c - 36. Let v(z) = 4*z**2 - 13*z + 30. Calculate the remainder when v(c) is divided by 40.
37
Let y = 5642 - 4057. What is the remainder when y is divided by 28?
17
What is the remainder when (-22 + (-16 - -129))*16 is divided by 105?
91
Let i(a) = a**3 - 18*a**2 - 17*a + 45. Let k be i(13). Let m = -747 - k. Calculate the remainder when m is divided by 47.
39
Let g be 1/(-2) - 12/8. Let b be (-93)/(-62)*(g/6 - 1). Let f(k) = -15*k**3 - 3*k**2 - 3*k - 3. Calculate the remainder when f(b) is divided by 28.
27
What is the remainder when 2351 - ((-328)/(-36) + (-152)/(-171)) is divided by 102?
97
Let z(f) be the first derivative of 7*f**3/3 - f**2/2 + 2*f - 24. Let l be z(1). Calculate the remainder when 28 is divided by -2 + l - (-2 + -1 + -1).
8
Suppose 4*j = 2*j + 10. Suppose -3*h - j*y + 61 = -y, -5*y + 5 = -h. Calculate the remainder when 1 + -5 - (-2 + 12 + -72) is divided by h.
13
Let j(k) = 2*k**2 + 75*k + 130. Calculate the remainder when 9985 is divided by j(-36).
19
Let v = 9097 + -6795. What is the remainder when v is divided by 164?
6
Let b = 101 - 17. Let v = b + -73. Suppose p + v = 133. What is the remainder when p is divided by 41?
40
Let i = 2 + -4. Let s be -3*i/18 - (-28)/6. Suppose 293 + 107 = s*o. Calculate the remainder when o is divided by 41.
39
Let i be (-10)/(-45) + (-30470)/(-18). Let y be -1 + 16/(-4) + i. What is the remainder when (-24)/(-56) - y/(-14) is divided by 31?
28
Suppose 5*s = 2*w + 681, -18*s + 22*s - 5*w = 555. What is the remainder when 368 is divided by s?
98
Let y be 4/(-14) + 573/21. Suppose 7*p - y - 71 = 0. What is the remainder when 69 is divided by p?
13
Suppose 0 = 5*h + 3*i - 63 + 1, 0 = 3*h + 2*i - 38. Calculate the remainder when 399 is divided by h.
9
Let n be 1989/85 - (7/5 - 2). Calculate the remainder when n/324 - 23968/(-108) is divided by 4.
2
Suppose -2*p - 44 = -8*i + 6*i, -i - 4*p = -37. Suppose m = 12*h - 17*h + i, -m + 4*h + 70 = 0. What is the remainder when m is divided by 44?
6
Let d = 5399 - 4666. Calculate the remainder when d is divided by 4.
1
Suppose 0 = 52*c + 7890 - 18498. What is the remainder when 277 is divided by c?
73
What is the remainder when 2*-2 - (-12)/(-15)*8695/(-2) is divided by 94?
90
Suppose i = -4*b - b + 53, 3*i = -6. What is the remainder when (2 - -22) + (144 - 114) is divided by b?
10
Suppose 12*j - 8*j = m - 22, -5*m + 93 = -3*j. Suppose 0 = 4*l - 2*l - 26. Calculate the remainder when l is divided by (6/(-9))/(m/(-135)).
3
Suppose -24 = 29*m - 25*m. Calculate the remainder when 9/m*16/6 + 41 is divided by 19.
18
Suppose -3*x = 3*g + 49 + 116, -3*x + 2*g - 160 = 0. Let m(t) = -5*t**2 - 271*t - 12. Calculate the remainder when 375 is divided by m(x).
39
Let w = -3171 + 6831. What is the remainder when w is divided by 111?
108
Let k = 614 - 503. Let v = 78 - 59. Calculate the remainder when k is divided by v.
16
Let q(b) = 3*b**2 - 5*b - 8. Let a be q(-1). Let o be (4/(-3))/(3/(-567)). Suppose -8*d + d + o = a. Calculate the remainder when 142 is divided by d.
34
Suppose 45*g = 25*g + 473*g - 453. Calculate the remainder when 43 is divided by g.
0
Let x = 115 + -7. Suppose 7*c = -3 + x. Calculate the remainder when 71 is divided by c.
11
Suppose 10*f + 386 + 164 = 0. Let c be (11 - 2)*(-20)/4. Let t = c - f. Calculate the remainder when 45 is divided by t.
5
Let q = -1985 + 2131. Calculate the remainder when q is divided by 3.
2
Let g be 35*(3 - (-3)/7). Let m = -6 + g. What is the remainder when m is divided by 29?
27
Suppose 86*v - 2400 - 2688 = -20*v. What is the remainder when 10847 is divided by v?
47
Suppose 22258 - 22303 = -9*h. What is the remainder when 3173 is divided by h?
3
Suppose 142*s - 128*s = 3920. Let m = -3 + 3. Suppose b = -3*n - m*n + 70, 5*b - s = -n. Calculate the remainder when b is divided by 7.
6
What is the remainder when 1671 is divided by 21/(-28)*(304/(-6) + (0 - 0))?
37
Let g(d) = 617*d - 1224. What is the remainder when 3047 is divided by g(2)?
7
Suppose -4*t = 3*p - 562, -4*t - 554 = 7*p - 10*p. What is the remainder when 636 is divided by p?
78
Suppose -7*g = -6 - 1. Let h = -35 - -50. Calculate the remainder when (g/(-2))/(3/(-252)) is divided by h.
12
Let v(f) = -2*f - 131. Let u be v(-40). Let b = 158 + u. Calculate the remainder when b is divided by 6.
5
Suppose -794 - 172 = -7*z. Suppose z*j = 134*j + 388. Calculate the remainder when j is divided by 11.
9
Let v = 268 + -44. What is the remainder when v is divided by 2/((-3)/366*-4)?
41
Let c be (20/(-8))/5*36. Let h = 22 